*z. List the prime factors of f.
239
Let b(n) = -90*n + 202. Let v be (-28)/6*(-6)/(-4). What are the prime factors of b(v)?
2, 13
Let j be -2 + (-3 + 7)*-1. Suppose -i - 4*i + 213 = 2*o, 257 = 3*o - 5*i. List the prime factors of (-1 + o)*(-4)/j.
2, 31
Suppose 0 = g - 14*n + 19*n - 406, -g = -n - 400. List the prime factors of g.
401
Let o be 88/396 + (-2)/9. Let r(m) be the first derivative of -2*m**3 - m**2/2 + 268*m + 1. What are the prime factors of r(o)?
2, 67
Let h be (-1095)/1 - 116/(-29). Let f = h - -1825. List the prime factors of f.
2, 367
Let n(z) = -217*z + 947. List the prime factors of n(-7).
2, 3, 137
Suppose 149*a - 44*a - 523740 = -40*a. List the prime factors of a.
2, 3, 7, 43
Let d = 18251 + -12252. List the prime factors of d.
7, 857
Let u(l) = -4*l**3 - 4*l**2 + 12*l + 53. Let v(k) = 5*k**3 + 5*k**2 - 11*k - 54. Let w(m) = 4*u(m) + 3*v(m). List the prime factors of w(-8).
2, 3, 7
Let q(i) = 22*i + 139. Let g(d) = 2*d**2 + 6*d - 135. Let f be g(-10). What are the prime factors of q(f)?
3, 83
Suppose 78*j = -4*k + 80*j + 12240, 0 = -2*k - 4*j + 6130. List the prime factors of k.
3061
Suppose 5*i - s - 19646 = 12236, -5*i - s + 31898 = 0. What are the prime factors of i?
2, 3, 1063
What are the prime factors of 24692/(-48)*(-23 + 11)?
6173
Suppose i - 3677 = -h, 124*i - h = 123*i + 3685. List the prime factors of i.
3, 409
Let a(t) = 7*t + 67. Let x be a(-10). What are the prime factors of (-64)/(-1) - (4 - 6 - x)?
3, 7
Let i = -11416 - -19426. List the prime factors of i.
2, 3, 5, 89
Let m = -774 - -2573. What are the prime factors of m?
7, 257
Let p = 38203 - 14758. What are the prime factors of p?
3, 5, 521
Let r = 39 + -37. Suppose r*h = -5*h. Suppose -5*m + 110 + 495 = h. List the prime factors of m.
11
Let t(z) = 2*z**3 - 9*z**2 + 4*z + 12. Let p be t(7). Suppose 0 = -p*q + 290*q - 2670. What are the prime factors of q?
2, 3, 89
What are the prime factors of 4 + (11104 - -41)*(-3)/(-3)?
11149
Let s(y) = y + 13. Let u be s(-11). What are the prime factors of (-2 - u)/(21/(-3360))?
2, 5
Suppose 2453 = -5*v + 8138. Suppose 4*t - 511 = v. List the prime factors of (-1)/((-4)/t)*1.
103
Let k(m) = m - 5. Let o(j) = -j + 92. Let t(n) = -4*k(n) + o(n). What are the prime factors of t(19)?
17
Suppose 585 = -4*l + 3245. What are the prime factors of l?
5, 7, 19
Let x(w) = -461*w - 2649. List the prime factors of x(-21).
2, 3, 293
Suppose 1372 = -f + 6096. Suppose 4*w - w = -3*c - 9, c = -3*w - 13. What are the prime factors of ((-2)/6)/(f/2364 - c)?
197
List the prime factors of (3241 - (-8 - -5)) + -9.
5, 647
Suppose -4*s = -9 + 1, q + s - 6 = 0. List the prime factors of 1790/(-2)*q/(-10).
2, 179
Let n(m) = 17*m**2 - 79*m + 101. List the prime factors of n(27).
13, 797
Let h be (0 - 4) + (-1 + 3 - -2). Let m be (24/(-1))/(2/(-9) + h). Let w = m - 50. List the prime factors of w.
2, 29
Let p(m) = -m**3 + 1. Let r = 36 + -36. Let n be p(r). List the prime factors of n/(2/7) + (-2)/4.
3
Let g = 8070 - -6617. What are the prime factors of g?
19, 773
Suppose 10*x = 26*x - 1952. Let i = 51 + x. What are the prime factors of i?
173
Suppose 10*h + 11*h = 1113. Suppose 61*w - 1040 = h*w. List the prime factors of w.
2, 5, 13
Let o = -44 + 49. Suppose -o*h = -4*n - 1438, 4*n = -4 + 16. What are the prime factors of h?
2, 5, 29
Let o = 35448 - 22900. What are the prime factors of o?
2, 3137
Let q be 319 + -5 + 5 - 0. Suppose q = 264*b - 263*b. What are the prime factors of b?
11, 29
Suppose -15*g + 227254 = -249386. What are the prime factors of g?
2, 3, 331
Suppose -129*d = -131*d + 14. Let s(a) = 2*a**3 - 8*a**2 + 10*a - 30. List the prime factors of s(d).
2, 167
Let a be (16/12)/4 - 35/(-3). Suppose -5*v - 6 = -2*j - 24, 3*j + a = 0. Suppose 8*t = v*t + 534. List the prime factors of t.
89
Suppose 0 = -4*y - i - 7533, -35*i = -32*i - 9. Let a = -623 - y. What are the prime factors of a?
13, 97
Let m(j) = -j**2 + 6*j + 17. Suppose 4*r + 3*k - 34 = 0, -6 - 4 = -2*r + 2*k. Let o be m(r). What are the prime factors of 414/o + 20/(-50)?
41
Let y = -347 + 359. What are the prime factors of (-2 - -1)*-6*2656/y?
2, 83
Let k(l) = 3477*l**2 + 21*l - 8. What are the prime factors of k(2)?
2, 6971
Suppose -w = 3*w, 0 = -3*o - 3*w - 12. Let q be o/(-6) - 156/(-36). Suppose 5*h - 4*j = 490, 2*j = q*h - 0*j - 500. What are the prime factors of h?
2, 3, 17
Let b = -231 + 283. Suppose -4*g + 323 = 3*t, 338 = 4*g - b*t + 50*t. What are the prime factors of g?
83
Let v = -388 + 442. Suppose -7*k = -226 - v. What are the prime factors of k?
2, 5
Suppose -15 = -4*o - 3. Let y be o - (2 - 3)*-1. Suppose -y*n = -5*k + 2*k - 6, 0 = -5*k + 10. What are the prime factors of n?
2, 3
Suppose 6*z - 796 = 8*z - 3*u, 5*u = 3*z + 1196. Let w = 665 + z. What are the prime factors of w?
3, 7, 13
Let u(x) = x**3 + 7*x**2 - 32*x + 8. Let p be u(-10). Suppose -2045 = 27*f - p*f. What are the prime factors of f?
5, 409
Suppose 3*g - 5*g = 0, 322*j = 325*j + 2*g - 197520. What are the prime factors of j?
2, 5, 823
Suppose d - 2256 = 5406. List the prime factors of d.
2, 3, 1277
Let f be (42/(-4))/(15/(-35440)*4). Suppose -34*b + f = -20*b. List the prime factors of b.
443
Let w be 3 - (-8)/(-2) - -11. Suppose w = 3*k - 5. Suppose 42 = 4*f + 5*u, -5*f + 8 = k*u - 47. What are the prime factors of f?
13
Let l be -20*(-3 + (8 - 3)). What are the prime factors of 10/(l/(-12)) - -265?
2, 67
Let k be (112/24)/(4/6). Let u(v) = -v**3 - 3*v**2 + 3*v - 5. Let w be u(-3). List the prime factors of (w/k)/6 - 518/(-6).
2, 43
Let f(m) = -62*m + 1088. List the prime factors of f(8).
2, 37
Let t(z) = 34*z**2 - 19*z - 620. List the prime factors of t(22).
2, 13, 593
Suppose 3*y = 3, 5*a - y - 2*y + 28 = 0. Let m be a/(-5) + 1 - (-1 + 0). Suppose -49 - 341 = -m*s. List the prime factors of s.
2, 5, 13
Let i = 167 - 466. Let q = 725 + i. What are the prime factors of q?
2, 3, 71
Let w(u) = 93 + 48*u + 173*u - 62*u. What are the prime factors of w(11)?
2, 3, 307
Let z be 1706/6 + ((-125)/150)/(10/(-8)). Suppose 0 = -2*f - 5*s - 244, -3*f + s - 262 - 138 = 0. Let g = f + z. List the prime factors of g.
3, 17
Let b(j) = -j**3 + 2*j**2 + 14*j - 19. Let o be b(2). List the prime factors of (266/(-6) + 1)/((-3)/o).
2, 5, 13
Let o(j) = j**3 + 14*j**2 + 23*j - 10. Let m be 1 + 2/((-2)/13). Let c be o(m). Suppose -c*x = -235 - 63. List the prime factors of x.
149
Let y(k) = -1458*k - 11070. List the prime factors of y(-33).
2, 3, 7
Let n be 35/70*1*38. Suppose -n*a + 2052 = -7*a. List the prime factors of a.
3, 19
Let j = -164 + 282. Suppose 4*h - 138 = -2*y, -20*h + 24*h = 2*y + 118. Let w = j + h. List the prime factors of w.
2, 3, 5
Let o(a) = -2*a + 35. Let l be o(20). Let v(d) = -103*d + 83. What are the prime factors of v(l)?
2, 13, 23
Suppose -t + 5*i = -160, 4*i - i = 0. Suppose -4*s - s - t = 0. What are the prime factors of (37/4)/((-2)/s)?
2, 37
Suppose 2*v - u - 16 - 15 = 0, 0 = -4*v - 4*u + 68. Let d(g) = -v*g + 192 + 17*g - g**2 + 0*g**2. What are the prime factors of d(0)?
2, 3
Let w(a) = -24*a**2 - 1370*a - 48. What are the prime factors of w(-27)?
2, 3, 7, 463
Let j = -557 + 814. Let o = j + 104. Let b = o + -241. List the prime factors of b.
2, 3, 5
Suppose -3*v - 1 = -4*d, -9 = -d + 4*v - 25. Let n = d + 111. List the prime factors of n.
5, 23
Let c(s) = 7*s**2 + 91*s + 900. What are the prime factors of c(-24)?
2, 3, 229
Let t(d) = -233*d + 1609. List the prime factors of t(-23).
2, 13, 67
Suppose -5*m + 3*m = 0. Suppose -4*r - r + 7890 = m. What are the prime factors of 1/3 - r/(-18)?
2, 11
Let u be ((-28)/(-35))/(4/65290). Suppose -18*k + u = 2906. List the prime factors of k.
2, 3, 47
Suppose -8*h = -7*h - 5*a + 337, -2*h - 659 = -5*a. Let z = -35 - h. What are the prime factors of z?
7, 41
Suppose z + 3*f = -10, 3*z + 2*f = -7 - 2. Let s(k) = -366*k - 1. List the prime factors of s(z).
5, 73
Let j(s) = 2*s + 41. Let u(l) = l + 41. Let w(h) = -5*j(h) + 6*u(h). What are the prime factors of w(-9)?
7, 11
What are the prime factors of 12/42 + 28546/(-98)*3*-9?
5, 11, 13
Suppose -8*b + 10097 = -31071. List the prime factors of (-6)/(-15) + b/10.
5, 103
Let v(o) = -62*o**3 - o**2 - 3*o - 2. Let g be v(-1). Suppose g + 110 = y. Suppose d = -3*d - 20, y = 2*z - 4*d. List the pr